
{"id":13917,"date":"2024-11-04T14:53:37","date_gmt":"2024-11-04T12:53:37","guid":{"rendered":"https:\/\/www.viabelgica.nl\/kalender\/expo-villa-voerendaal\/"},"modified":"2025-08-21T20:02:31","modified_gmt":"2025-08-21T18:02:31","slug":"expo-villa-voerendaal","status":"publish","type":"kalender","link":"https:\/\/www.viabelgica.nl\/fr\/kalender\/expo-villa-voerendaal\/","title":{"rendered":"EXPO &#8211; Villa Voerendaal"},"content":{"rendered":"","protected":false},"template":"","class_list":["post-13917","kalender","type-kalender","status-publish","hentry"],"acf":{"thumbnail":12236,"subtitel":"Cette exposition est une initiative de la commune de Voerendaal","datum":"20241107","datum_eind":"20271130","afbeelding":12236,"plaatsnaam":"gemeentehuis Voerendaal","gerelateerde_content_cal":null,"aanmeldtekst":"","aanmeldurl":"","adres":null,"straatnaam":"","postcode":"","plaats":"","doen":null,"content":"Saviez-vous que quatre fouilles r\u00e9alis\u00e9es au cours des 130 derni\u00e8res ann\u00e9es ont mis au jour plus de 1000 ans d\u2019habitation le long de la Steinweg \u00e0 Voerendaal ? Cette fouille est qualifi\u00e9e d\u2019\u00ab unique par son exhaustivit\u00e9 \u00bb, car aucune autre villa n\u00e9erlandaise n\u2019a r\u00e9v\u00e9l\u00e9 une histoire aussi riche.\r\n\r\nAdmirez d\u00e8s \u00e0 pr\u00e9sent ses fascinantes d\u00e9couvertes de pr\u00e8s dans l\u2019exposition permanente situ\u00e9e dans le hall public de l\u2019h\u00f4tel de ville de Voerendaal.\r\n\r\nChaque ann\u00e9e, de nouveaux th\u00e8mes et objets remarquables viennent enrichir l\u2019exposition, afin que vous puissiez toujours d\u00e9couvrir quelque chose de nouveau sur la vie d\u2019autrefois. Quels autres peuples ont v\u00e9cu \u00e0 Voerendaal ? \u00c0 quoi ressemblait leur quotidien ? Laissez-vous surprendre par les nombreuses histoires que chaque fragment du pass\u00e9 a \u00e0 raconter !\r\n\r\nPratique :\r\n<ul>\r\n \t<li dir=\"auto\">Quoi ? Expo Villa Voerendaal<\/li>\r\n \t<li dir=\"auto\">O\u00f9 ? H\u00f4tel de ville de Voerendaal, Raadhuisplein 1<\/li>\r\n \t<li dir=\"auto\">Horaires d\u2019ouverture de l\u2019expo : \u00c0 partir du 7 novembre, visite gratuite pendant les heures d\u2019ouverture de l\u2019h\u00f4tel de ville: <span class=\"html-span xdj266r x11i5rnm xat24cr x1mh8g0r xexx8yu x4uap5 x18d9i69 xkhd6sd x1hl2dhg x16tdsg8 x1vvkbs\"><a class=\"x1i10hfl xjbqb8w x1ejq31n xd10rxx x1sy0etr x17r0tee x972fbf xcfux6l x1qhh985 xm0m39n x9f619 x1ypdohk xt0psk2 xe8uvvx xdj266r x11i5rnm xat24cr x1mh8g0r xexx8yu x4uap5 x18d9i69 xkhd6sd x16tdsg8 x1hl2dhg xggy1nq x1a2a7pz x1sur9pj xkrqix3 x1fey0fg\" tabindex=\"0\" role=\"link\" href=\"https:\/\/www.voerendaal.nl\/over-voerendaal\/over-de-gemeente\/contact-en-openingstijden?fbclid=IwZXh0bgNhZW0CMTAAAR2uPVR7OFx615erei16eREE-J24uuXOHsrveHM-1WHhFL2VRTMcaQOC5ZI_aem_8aWLEujK7Q7WFYmslbnS4w\" target=\"_blank\" rel=\"nofollow noopener\">https:\/\/www.voerendaal.nl\/...\/contact-en-openingstijden<\/a><\/span><\/li>\r\n \t<li dir=\"auto\">Prix? gratuit<\/li>\r\n<\/ul>","slideshow":null},"_links":{"self":[{"href":"https:\/\/www.viabelgica.nl\/fr\/wp-json\/wp\/v2\/kalender\/13917","targetHints":{"allow":["GET"]}}],"collection":[{"href":"https:\/\/www.viabelgica.nl\/fr\/wp-json\/wp\/v2\/kalender"}],"about":[{"href":"https:\/\/www.viabelgica.nl\/fr\/wp-json\/wp\/v2\/types\/kalender"}],"wp:attachment":[{"href":"https:\/\/www.viabelgica.nl\/fr\/wp-json\/wp\/v2\/media?parent=13917"}],"curies":[{"name":"wp","href":"https:\/\/api.w.org\/{rel}","templated":true}]}}

Saviez-vous que quatre fouilles réalisées au cours des 130 dernières années ont mis au jour plus de 1000 ans d’habitation le long de la Steinweg à Voerendaal ? Cette fouille est qualifiée d’« unique par son exhaustivité », car aucune autre villa néerlandaise n’a révélé une histoire aussi riche.

Admirez dès à présent ses fascinantes découvertes de près dans l’exposition permanente située dans le hall public de l’hôtel de ville de Voerendaal.

Chaque année, de nouveaux thèmes et objets remarquables viennent enrichir l’exposition, afin que vous puissiez toujours découvrir quelque chose de nouveau sur la vie d’autrefois. Quels autres peuples ont vécu à Voerendaal ? À quoi ressemblait leur quotidien ? Laissez-vous surprendre par les nombreuses histoires que chaque fragment du passé a à raconter !

Pratique :
<ul>
 	<li dir="auto">Quoi ? Expo Villa Voerendaal</li>
 	<li dir="auto">Où ? Hôtel de ville de Voerendaal, Raadhuisplein 1</li>
 	<li dir="auto">Horaires d’ouverture de l’expo : À partir du 7 novembre, visite gratuite pendant les heures d’ouverture de l’hôtel de ville: <span class="html-span xdj266r x11i5rnm xat24cr x1mh8g0r xexx8yu x4uap5 x18d9i69 xkhd6sd x1hl2dhg x16tdsg8 x1vvkbs"><a class="x1i10hfl xjbqb8w x1ejq31n xd10rxx x1sy0etr x17r0tee x972fbf xcfux6l x1qhh985 xm0m39n x9f619 x1ypdohk xt0psk2 xe8uvvx xdj266r x11i5rnm xat24cr x1mh8g0r xexx8yu x4uap5 x18d9i69 xkhd6sd x16tdsg8 x1hl2dhg xggy1nq x1a2a7pz x1sur9pj xkrqix3 x1fey0fg" tabindex="0" role="link" href="https://www.voerendaal.nl/over-voerendaal/over-de-gemeente/contact-en-openingstijden?fbclid=IwZXh0bgNhZW0CMTAAAR2uPVR7OFx615erei16eREE-J24uuXOHsrveHM-1WHhFL2VRTMcaQOC5ZI_aem_8aWLEujK7Q7WFYmslbnS4w" target="_blank" rel="nofollow noopener">https://www.voerendaal.nl/.../contact-en-openingstijden</a></span></li>
 	<li dir="auto">Prix? gratuit</li>
</ul>
