
{"id":13867,"date":"2024-01-09T17:42:48","date_gmt":"2024-01-09T15:42:48","guid":{"rendered":"https:\/\/www.viabelgica.nl\/organisatie\/pers\/"},"modified":"2025-08-16T17:36:52","modified_gmt":"2025-08-16T15:36:52","slug":"presse","status":"publish","type":"organisatie","link":"https:\/\/www.viabelgica.nl\/fr\/organisatie\/presse\/","title":{"rendered":"Presse"},"content":{"rendered":"","protected":false},"template":"","class_list":["post-13867","organisatie","type-organisatie","status-publish","hentry"],"acf":{"titel":"Presse","subtitel":"D\u00e9couvrez ici les derniers communiqu\u00e9s de presse du projet Via Belgica","content":"<h3>Avez-vous des questions de presse sp\u00e9cifiques ?<\/h3>\r\nVeuillez contacter la responsable du projet, Anja Neskens, au: +31 6 18 67 59 72 ou \u00e0 a.neskens@heerlen.nl\r\n\r\n&nbsp;\r\n<h1><\/h1>\r\n<h1><\/h1>\r\n<h3><\/h3>","afbeelding":null,"content_2":""},"_links":{"self":[{"href":"https:\/\/www.viabelgica.nl\/fr\/wp-json\/wp\/v2\/organisatie\/13867","targetHints":{"allow":["GET"]}}],"collection":[{"href":"https:\/\/www.viabelgica.nl\/fr\/wp-json\/wp\/v2\/organisatie"}],"about":[{"href":"https:\/\/www.viabelgica.nl\/fr\/wp-json\/wp\/v2\/types\/organisatie"}],"wp:attachment":[{"href":"https:\/\/www.viabelgica.nl\/fr\/wp-json\/wp\/v2\/media?parent=13867"}],"curies":[{"name":"wp","href":"https:\/\/api.w.org\/{rel}","templated":true}]}}

Découvrez ici les derniers communiqués de presse du projet Via Belgica

<h3>Avez-vous des questions de presse spécifiques ?</h3>
Veuillez contacter la responsable du projet, Anja Neskens, au: +31 6 18 67 59 72 ou à a.neskens@heerlen.nl

&nbsp;
<h1></h1>
<h1></h1>
<h3></h3>
